he greatest common factor of g and 45?
9
Let l(m) = m**3 - 10*m**2 + 11*m - 13. Let y be l(9). What is the highest common factor of 2 and y?
1
Let k = 132 - 116. What is the highest common factor of k and 4?
4
Let w be (0 - -8)*(-15)/(-15). What is the greatest common divisor of 2 and w?
2
Suppose 3*f = 5*f + 8. Let m = f - -12. Let a be (-90)/(-4) + 12/m. Calculate the highest common divisor of a and 12.
12
Let u be 3/2 + (-477)/(-18) + 0. Calculate the greatest common factor of 42 and u.
14
Let w be -15*(-1 + 19/(-3)). Let c be (-13)/(52/(-88)) - (2 - 2). What is the greatest common divisor of c and w?
22
Suppose 2*j - 133 = 61. Suppose 2*f + 3 = j. Suppose -5*y + s = -49, 3*y - 5*s = -0*y + f. Calculate the greatest common factor of 9 and y.
9
Let w(q) = -q**2 - 11*q - 12. Let n be w(-9). Let g be (9/2)/((-6)/(-40)). What is the greatest common divisor of n and g?
6
Let z(u) = -u**2 + 5*u - 2. Let x be z(4). Let m be 32*4*x/2. Calculate the highest common factor of 16 and m.
16
Suppose -19 - 53 = -4*t. Calculate the highest common divisor of t and 6.
6
Let a be (-4 - -1)/((-12)/(-8)). Let x(j) = 5*j**2 + 3*j + 2. Let u be x(a). Suppose k = -3*k + u. Calculate the greatest common divisor of 8 and k.
4
Let m(b) = b**2 + 6*b + 9. Let o be m(-6). Suppose 0 = 2*s + 1 - 7. Calculate the highest common factor of o and s.
3
Suppose t + 3*t + 300 = 0. Let l = t - -125. Let a be (-102)/(-5) + 4/(-10). What is the greatest common factor of l and a?
10
Suppose -l + 2 = -2*q - 9, -3*l + 3 = 4*q. Calculate the greatest common divisor of 1 and l.
1
Let k(q) = -4*q + 3. Let h be k(-6). What is the greatest common divisor of 3 and h?
3
Suppose -b + 0*b = 0. Suppose 4*f - 2*f - 28 = b. Suppose -2*s = -4*p + 606, 4*s + 576 = 4*p - 20. Calculate the highest common factor of f and p.
14
Let x = -26 - -16. Let y(t) = -2*t - 2. Let f be y(x). Let j(g) = 2*g**3 - 8*g**2 + g - 6. Let i be j(6). What is the greatest common factor of i and f?
18
Let b be (4 + -10)*7/(-3). Suppose 0*o + 5*o + 25 = 0, 0 = -3*j - o + 331. Calculate the greatest common divisor of b and j.
14
Let u be -8*(2 + -6 + 2). Let j be (-1)/2*u/(-2). Let t = -12 + 44. Calculate the greatest common divisor of t and j.
4
Let k = -54 + 72. What is the greatest common divisor of k and 126?
18
Let p = 9 + 7. Let c = 1 + 1. Suppose -2*t - c = 5*d, -3*d + 7*d = 3*t - 20. Calculate the highest common divisor of t and p.
4
Let v = -177 + 256. Suppose -6*c - v = -457. Let o(j) = j**2 + 2*j - 1. Let d be o(-4). What is the greatest common factor of d and c?
7
Let j(x) = x + 2. Let d be j(0). Suppose d*o - 7*o = -50. What is the greatest common factor of 15 and o?
5
Suppose -3*i + 547 = -2*i + 5*y, 5*i - 2620 = -2*y. Calculate the highest common divisor of i and 58.
58
Let n = -5 + 8. Let q(o) = 1. Let j(s) = 3*s - 18. Let u(v) = j(v) + 6*q(v). Let b be u(8). Calculate the greatest common factor of n and b.
3
Let o = 554 - 345. Calculate the greatest common factor of o and 19.
19
Let f = 9 - 8. Let g = f + 3. Let y be (-16)/(-3)*6/g. What is the greatest common divisor of 40 and y?
8
Suppose -5*j = -2*s - 22, 4*j - s - 17 = -0*s. Suppose 15 = k + 5*l, 2*k - 24 = 4*l + 20. What is the greatest common factor of k and j?
4
Let h(m) = 2*m - 3. Let y be h(4). Suppose 2*t - y*n - 76 = -0*n, 8 = 2*n. Calculate the highest common divisor of 24 and t.
24
Let f = 346 + -270. Let n = 19 - 0. Calculate the greatest common factor of n and f.
19
Suppose 3*w - 117 = -3*v + v, 4*v - 4*w - 204 = 0. What is the highest common factor of v and 27?
27
Let q be (22/3)/(2/3). Let m(w) = 77*w**3. Let h = 9 + -8. Let j be m(h). What is the highest common divisor of q and j?
11
Let d = -10 - -16. Suppose 4*n - 5 = 3*s, 3*n - 4 = -4*s + d. Let u be 17/s - (-4 + 5). What is the highest common factor of 64 and u?
16
Let z(d) = 3*d + 5. Let u be z(7). Suppose -h - h + u = 0. Calculate the greatest common factor of 91 and h.
13
Let m be 1/(106/26 + -4). Let s be 2 + -1 + 3*17. What is the highest common divisor of m and s?
13
Let h = 169 - 97. Calculate the highest common divisor of 48 and h.
24
Let q(d) = -d + 4. Let b be q(0). Suppose -2*f - f + 2*y + 341 = 0, f = b*y + 97. Calculate the greatest common factor of 13 and f.
13
Let n = 2 - -49. Let l = n + 34. Let h be (33/9 - -2)/((-3)/(-9)). Calculate the greatest common factor of h and l.
17
Suppose 5*n = 289 + 91. Let s be (-44)/(-2) + (1 - 4). Calculate the highest common divisor of s and n.
19
Let l(z) = 2*z - 7. Let x be l(9). What is the highest common divisor of x and 11?
11
Let n be (-3)/6*(0 + 0). Let b = 13 - n. Calculate the greatest common divisor of b and 117.
13
Suppose -2*w + 3*u = -w - 49, -5*u = -5*w + 205. Let i = w - 13. Calculate the highest common divisor of i and 60.
12
Let g(p) = 2*p + 9. Suppose -3*x + 8*x + 50 = 0. Let w be g(x). Let r = 47 + w. Calculate the highest common factor of r and 24.
12
Suppose -17 = -0*c - c. Let v(y) = 68*y**2 - y - 1. Suppose 1 - 6 = 5*d. Let i be v(d). What is the greatest common factor of i and c?
17
Suppose -4*w = 4*d - 44, -4*w + d - 29 = -7*w. Let a(h) = -h**2 + 3*h - 1. Let o be a(1). Calculate the greatest common factor of w and o.
1
Suppose -2*q + 104 = 2*q. Let b = q + -15. What is the highest common factor of b and 121?
11
Suppose -7*p + 2*m = -12*p + 75, -3*p - m + 45 = 0. What is the greatest common divisor of p and 120?
15
Let x(q) = -3*q**3 - 3*q**2 + 7*q + 5. Let c be x(-4). What is the greatest common divisor of 11 and c?
11
Let y = 14 + -5. Let f(c) be the first derivative of c**3/3 + 72*c + 3. Let g be f(0). Calculate the greatest common divisor of y and g.
9
Suppose -l + u + 111 = 3*l, -3*u - 9 = 0. Let p(m) = -190*m - 1. Let y = 0 - 1. Let c be p(y). Calculate the greatest common divisor of l and c.
27
Let m = -93 + 101. Calculate the greatest common divisor of m and 12.
4
Suppose 3*y + 17 = 8*y + 2*f, -5*f - 20 = 0. Suppose 3*w - 15 = 18. Suppose 2*z + 1 = w. Calculate the greatest common divisor of z and y.
5
Let l(s) = -s**2 - s + 9. Let u be l(0). Suppose -240 = 4*i - u*i. What is the greatest common divisor of i and 6?
6
Let b(t) = 6*t**2 - 1. Let j be b(-1). Suppose -5*p + j = 5*c, -2*c - 5 = -c. What is the highest common divisor of 4 and p?
2
Suppose 3*j + j = 16. Suppose -48 = -j*u + 24. What is the greatest common factor of u and 45?
9
Suppose 0 = -2*t + 4*t - 8. Calculate the highest common divisor of t and 4.
4
Let x(d) = 2*d**2 + 3*d + 1. Let v(t) = t**3 + t**2 - t. Let y be v(-2). Let m be x(y). Suppose 2 = -k + 14. What is the greatest common divisor of k and m?
3
Suppose 4*i - l - 45 = 0, 2*l = -5*i + 6*l + 48. Let s(h) = 2*h**2 - h - 9. Let t be s(5). Calculate the highest common factor of t and i.
12
Let i = -6 - -21. What is the greatest common factor of i and 30?
15
Let w be 0/1 + 2 + 75. Let i = 33 - 23. Suppose -4*r = -18 - i. Calculate the greatest common factor of w and r.
7
Let k be (-11 + (-18)/(-6))*(2 - 24). What is the highest common factor of k and 44?
44
Let i = 8 - 5. Let n be (-183)/(-6) + i/(-6). What is the highest common divisor of n and 6?
6
Let u be (-7)/21 - (-190)/3. Calculate the greatest common divisor of u and 7.
7
Let f = 1 - -3. Let w = -12 + f. Let h be (0 - -33)*w/(-3). Calculate the greatest common factor of h and 22.
22
Suppose 5*q = -0*i + i + 245, -i = -2*q + 95. Suppose -r + 0 = -6. Let p be r*(-7)/(42/(-20)). Calculate the highest common factor of p and q.
10
Let t = -55 + 61. What is the greatest common divisor of t and 2?
2
Suppose 2*a - 60 = -3*v - v, 5*v - 77 = -3*a. Calculate the highest common divisor of v and 104.
13
Suppose 0 = -3*s + 7*s - 36. Let n be (-10)/(-45) - (-286)/s. Suppose k + 160 = 3*k. Calculate the greatest common factor of k and n.
16
Let x be 2/3*243/6. Let q = x - 15. Let v be 153/q - (-6)/(-8). What is the greatest common factor of 84 and v?
12
Suppose 0 = a - 27 - 28. Let b = -70 - -81. What is the greatest common divisor of b and a?
11
Let p be (1 - 0)/(7/42). Let b be (-935)/(-25) + p/10. What is the highest common divisor of b and 19?
19
Let g(t) = 16*t**2 - 1. Let x be g(1). Calculate the greatest common factor of 105 and x.
15
Let o be -1 - -1 - -1 - 1. Let x(q) = q**3 + 15. Let p be x(o). Suppose -2*k - 30 = -2*h, 2*k = -3*